w + 4*b, -4*w - 25 = -5*b. Suppose -t = -4*n + 11, w = 5*t - 3*n + 2*n - 21. What is the remainder when 9 is divided by t?
4
Let i be (2/5)/((-2)/(-10)). Suppose i*p - 28 = -0*p. Calculate the remainder when p is divided by 8.
6
Let c(h) = 21*h**2 - 1. Let q(y) = 2*y**2 + 2*y - 6. What is the remainder when q(6) is divided by c(-1)?
18
Let l = 12 + -5. Calculate the remainder when 23 is divided by l.
2
Let p(a) = 10*a**3 - 2*a**2 + a. Let i be p(1). Let v(t) = 3*t - 6. What is the remainder when 61 is divided by v(i)?
19
Let w = 4 + 5. Calculate the remainder when 34 is divided by w.
7
Let s = -20 - -42. Calculate the remainder when s is divided by 6.
4
Let r be (3 - 2 - 6)*-1. Suppose -4*b = 5*w - 22, b + 10 = 3*w + r*b. Suppose -n + 53 = w. What is the remainder when n is divided by 16?
15
Let g(d) = d**3 - 3*d**2 + 5*d - 7. Calculate the remainder when g(3) is divided by 5.
3
Suppose 0 = 3*m + t - 32, m = 3*t - 4*t + 10. Calculate the remainder when 64 is divided by m.
9
Suppose r - 6*r + 155 = 0. Calculate the remainder when r is divided by 16.
15
Let c(f) = 8*f + 1. Let y = 43 + -22. Calculate the remainder when c(5) is divided by y.
20
Let r = 2 - 0. Let m be (4/12)/(1/15). Suppose m*n = 0, -1 = 2*f + 5*n - 5. What is the remainder when f is divided by r?
0
Let x(p) = p**3 - 6*p**2 + 5*p - 4. Let k be x(4). Let a = 58 + k. What is the remainder when a is divided by 15?
12
Let z = 30 + -5. Let b(q) = -q**3 - 7*q**2 - 7*q + 7. What is the remainder when z is divided by b(-6)?
12
Suppose 13 + 26 = 2*x + y, 2*x + 4*y = 42. Calculate the remainder when 91 is divided by x.
15
Suppose 0 = -6*x + 10*x - 28. Suppose 2*l = 3*p - 2*p - 6, l = 4*p - 10. What is the remainder when x is divided by p?
1
Suppose -5*k + k = -68. Let a(c) = -c. Suppose 2*r - 6*r = 24. Calculate the remainder when k is divided by a(r).
5
Suppose 3*j + 68 = 3*u - 64, -u - 3*j + 40 = 0. Let w = -30 + u. Let t(o) = -8*o - 36. Calculate the remainder when w is divided by t(-5).
1
Let p = 41 + -20. Suppose r = p + 8. Calculate the remainder when 56 is divided by r.
27
Let g = -12 - -28. Let d = g - 5. Calculate the remainder when 21 is divided by d.
10
Suppose 2*b = -2*m + 14, 17 = 3*m - 0*m + 4*b. What is the remainder when 21 is divided by m?
10
Let p be 9/4 + 2/(-8). Suppose -2*q - 154 = -5*k, k = -k - p*q + 56. Let a = -19 + k. What is the remainder when 21 is divided by a?
10
Suppose 17*l = 15*l + 6. Calculate the remainder when 8 is divided by l.
2
Let v = -11 - -24. Calculate the remainder when 0 - (-36 + 1 + -2) is divided by v.
11
Let k = -9 + 3. Let n = 3 - k. What is the remainder when 26 is divided by n?
8
Let t(k) = 9*k - 15. Let g(a) = -13*a + 22. Let b(h) = -5*g(h) - 7*t(h). Calculate the remainder when 19 is divided by b(6).
5
Let d be (-10)/2*(-8 + 5). Suppose -5 = 2*t - d. Suppose t*s - 41 = 9. What is the remainder when 37 is divided by s?
7
What is the remainder when 43 is divided by (0 - -2)*((-17)/(-2) + -4)?
7
Suppose 0 = -2*b + 6*b - 132. Let a = 43 + -25. Calculate the remainder when b is divided by a.
15
Let i(x) = -x**2 - 6*x + 4. Suppose -2*k + 3*c - 28 = -c, 16 = -4*k - 2*c. What is the remainder when 14 is divided by i(k)?
2
Let t(c) = -9*c - 17. Calculate the remainder when 55 is divided by t(-4).
17
Let p = 7 + 42. Calculate the remainder when p is divided by 13.
10
Let a = 15 + -8. Let r be (-3)/(-2) - (-12)/(-8). Suppose 0 = 5*q - 15, 45 = 5*y - r*q - 5*q. Calculate the remainder when y is divided by a.
5
Calculate the remainder when 25 is divided by (-168)/(-16)*(-4)/(-3).
11
Suppose 5*j = -10, -2*l = -l - j - 61. Calculate the remainder when l is divided by 12.
11
Let c = -2 + 5. Suppose -2*i - 5*h = 35, -c*i = -7*i + h - 15. Let l(x) = -5*x - 2. Calculate the remainder when l(i) is divided by 8.
7
Let g(b) = 5*b**2 - 9*b - 26. Calculate the remainder when g(-3) is divided by 12.
10
Let n = 7 + -14. Let g = -44 - -25. Let j = n - g. Calculate the remainder when 34 is divided by j.
10
Suppose -3*o + 0*q = 5*q - 58, -3*q = -o + 24. What is the remainder when 41/((2*-1)/(-2)) is divided by o?
20
Let r = -12 + 17. Suppose -r - 3 = -4*d. Suppose m = -3*l + 8, d = -4*m + 4*l + l. Calculate the remainder when 4 is divided by m.
0
Let g be 3/12 + (-34)/8. Let z = g - -2. Calculate the remainder when 15 is divided by -2*(2/(-1) + z).
7
Suppose 0 = -k - 3*q - 28 - 30, -3*q = 0. Calculate the remainder when (k/(-4))/(2/4) is divided by 182/18 + (-14)/126.
9
Let i = 6 + -3. Suppose -27 = -i*r + 3*x, -6*r - 4*x + 81 = -r. Let k = -87 - -124. What is the remainder when k is divided by r?
11
Suppose 0 = 2*u - 7*u + 75. Calculate the remainder when 28 is divided by u.
13
Let o(l) = -l**3 - 5*l**2 + l - 1. What is the remainder when o(-7) is divided by 23?
21
Let s(a) = 6*a + 3. Calculate the remainder when s(9) is divided by 15.
12
Let r = -12 - -6. Calculate the remainder when 26 is divided by ((-56)/r)/((-6)/(-9)).
12
Suppose -2*y + 5 = -21. Suppose -5*w + 59 = 2*i, 3*i + w = -36 + 144. Calculate the remainder when i is divided by y.
11
Let w = -12 + 31. Calculate the remainder when 54 is divided by w.
16
Suppose -5*r + 5 = -0. What is the remainder when 2 is divided by r?
0
Suppose 3 = g - 0*g. Suppose -t - 44 = 3*t + 4*k, -t = -g*k + 15. Let o = -4 - t. Calculate the remainder when 15 is divided by o.
7
Let p(b) = b**3 - 5*b**2 + 6*b - 4. Let u be p(4). Calculate the remainder when 26 is divided by 14*(-2)/u*-1.
5
Suppose -9*z + 2*z + 147 = 0. Calculate the remainder when z is divided by 11.
10
Calculate the remainder when 29 is divided by (5/(-2))/((-4)/24).
14
Let o(r) = 14*r**2 + r. Let d be o(1). Suppose 5*b + 15 = 0, 7*n - 4*n + 4*b - d = 0. What is the remainder when n is divided by 5?
4
Let s(j) = -j + 8. What is the remainder when 39 is divided by s(-8)?
7
Let r = -13 + 45. Calculate the remainder when r is divided by 17.
15
Let i = 58 - -3. Suppose -5*c + i = 4*a, 0 = -c - 3*a + 21. What is the remainder when 25 is divided by c?
7
Suppose 20 = 2*f - 2*c - 0, -8 = -2*c. What is the remainder when -3*4/30*-65 is divided by f?
12
Let x = -65 - -91. What is the remainder when x is divided by 9?
8
Let a = -2 + 8. Suppose -j + 13 - a = 0. Calculate the remainder when 18 is divided by j.
4
Let h be ((-3)/(-2))/((-3)/(-4)). Suppose 21 - 127 = -h*a. Calculate the remainder when a is divided by 18.
17
Let w = 3 - 5. Let v(y) = -14*y - 3. What is the remainder when v(w) is divided by (14 - 1) + -1 + 1?
12
Suppose -j + 67 = -b, -2*j - 5*b - 42 + 148 = 0. Calculate the remainder when j is divided by 13.
11
Suppose -3*w = 4*o - 43, 0 = -w - o + 6 + 10. Let u = w + -11. What is the remainder when 1 + (-2 - -2) - -28 is divided by u?
9
Suppose 0 = f + w - 43, f + 0*f - w - 53 = 0. Suppose -2*b - 2*r + 26 = -4, -2*b + 4*r = -f. Calculate the remainder when 34 is divided by b.
16
Suppose 3*w - 5*f - 87 = 0, -4*w + 90 = -w - 4*f. Calculate the remainder when 134 is divided by w.
32
Let i(x) = -x**3 - 10*x**2 + 9*x - 16. Let r be i(-11). Let v(s) = 6*s**2 + 3*s - 3*s**2 - 7 + r. What is the remainder when 67 is divided by v(2)?
16
Let j(u) = -21*u - 1. Let x be j(-1). Suppose v - x = -v. Let f = v - 7. Calculate the remainder when 7 is divided by f.
1
Suppose 39 = 5*s - 6. What is the remainder when (-38 - -6)/(4/(-2)) is divided by s?
7
Let y(s) = -s**2 - 9*s - 7. Let h be y(-9). Let i = 18 + h. Let p = 26 - i. What is the remainder when p is divided by 8?
7
Let t = 44 + -28. Suppose 2*v - 42 = 50. What is the remainder when v is divided by t?
14
Suppose -11 - 25 = 3*g. Let a = g - -30. Calculate the remainder when a is divided by 5.
3
Let y(o) = o**3 - 16*o**2 + 19*o + 21. What is the remainder when y(15) is divided by 21?
18
Let o = 56 - 28. Suppose 0*t = -h - 5*t + 29, -2*h + o = -5*t. What is the remainder when 74 is divided by h?
17
Let r = 4 - 9. Let b = 1 - r. Let u = 41 + -24. Calculate the remainder when u is divided by b.
5
Suppose 235 = 5*h - 275. Calculate the remainder when h is divided by 18.
12
Let n(p) = -p**3 + p**2 + 108. Calculate the remainder when n(0) is divided by 22.
20
Suppose -4 + 73 = 3*j. Let g = -11 + 24. What is the remainder when j is divided by g?
10
Let r = 165 - 140. Calculate the remainder when 47 is divided by r.
22
Suppose